 1131 + 1128 - 3*z. Suppose -4*f + 6 = -10. Suppose 2*k = m - 8, -f*m + 12 = -6*k + 2*k. Calculate a(m).
5
Let z(i) be the second derivative of -i**3/6 - 2*i**2 + 9*i + 3. Give z(-5).
1
Let o = 11 + -8. Let d = 359 - 357. Let p(h) = 3*h**d - 84 + 80 + 5*h - o*h**2 - h**2. Determine p(5).
-4
Suppose 0 = 5*o + 13 + 2, -5*s + 11 = -2*o. Let y be -9*s/(-3) + -1. Let d(x) = -2*x**y + x - 2*x - 3*x**2 + 4*x**2 + 3. What is d(-3)?
-3
Let x(b) = -14*b**2 - 3 + 3*b**2 + 16*b - 9 + 10*b**2. What is x(15)?
3
Let r(f) be the third derivative of f**6/120 - f**5/60 - f**4/24 - f**3/2 - 339*f**2. Give r(2).
-1
Let s(c) = -c**3 - 3*c**2 + 4*c + 1. Let h be s(-4). Let p be (1 + h + -3)*-6. Let q(m) = -18 + 19 + m**2 - 8*m + 0*m**2. Determine q(p).
-11
Suppose 12*c + 210 = 42. Let x(b) = -30*b - 20. Let w(y) = 6*y + 4. Let j(p) = c*w(p) - 3*x(p). Determine j(-3).
-14
Let a(p) = -p**2 - 8*p + 15. Let n(s) = 3*s**2 + 23*s - 43. Let v(q) = -17*a(q) - 6*n(q). Let o(g) = -g + 6*g - 6*g - 2. Let i be o(-4). What is v(i)?
-5
Suppose -3*r = -5*q + 2, 3*r + 2*q - 37 = -11. Let a(x) = x**3 - 5*x**2 - 6*x - 2. Give a(r).
-2
Let c(h) = 2*h**2 - 14*h - 1. Let p be -28*(6/18)/((-20)/15). Give c(p).
-1
Let o(l) = -3*l + 7. Let d(k) = -k. Let i(f) = -4*d(f) + o(f). What is i(-10)?
-3
Suppose -4 = -y - 2*y + 2*m, 0 = 3*y - m - 8. Suppose -13*f = 43 - y. Let c(i) = i**3 + 2*i**2 + 3*i + 4. Give c(f).
-14
Let u(k) = 16*k**2 + 8. Let g(w) = -5*w**2 - 3. Let f(b) = -11*g(b) - 4*u(b). Let h be ((-1210)/(-20))/(-11)*2/(-11). Calculate f(h).
-8
Let s(q) be the third derivative of q**8/20160 + q**7/720 + q**6/180 - 7*q**5/30 - 17*q**2. Let d(w) be the third derivative of s(w). Calculate d(-6).
-2
Let h(x) be the second derivative of x**5/20 - 13*x**4/12 + x**3 + 5*x**2 + x + 11. Give h(12).
-62
Let j = -1683 + 1672. Let v(m) = m**2 + 12*m + 4. Calculate v(j).
-7
Let k(d) = -2*d - 6. Suppose 29*r - 26*r + 78 = 0. Let i = r - -18. Give k(i).
10
Let o(a) = 11*a**3 + 25*a**2 - 7*a - 16. Let m(f) = 13*f**3 + 28*f**2 - 7*f - 17. Let n(l) = 6*m(l) - 7*o(l). What is n(5)?
-5
Let l(v) be the first derivative of -v**4/2 - v**3/3 - 3*v**2/2 + 3*v - 583. Calculate l(2).
-23
Suppose u = -4*u. Suppose u = 3*r + 3*l - l - 85, -3*l + 90 = 3*r. Suppose 0 = -5*f - r, 31 = x + 3*x - 3*f. Let s(h) = -h**2 + 7*h - 5. Give s(x).
7
Let d(b) = 4*b**2 - 5*b - 5. Let y(o) be the first derivative of o**3 - 2*o**2 - 4*o - 11. Let w(q) = 2*d(q) - 3*y(q). Give w(2).
2
Let v(f) = -5*f + 98*f**3 - 5*f**2 + 13 - 6 - 97*f**3. Calculate v(6).
13
Let p(z) be the third derivative of 13*z**5/60 + 30*z**2 - 21*z. Let t be ((-1)/(-3))/((-3)/9). Determine p(t).
13
Let q(c) = c**3 + 4*c**2 - 8*c - 7. Suppose 0 = 6*r - 9*r - 45. Let u be (-3)/18*r*-2. Give q(u).
8
Suppose -3*k + 0 - 3 = 0. Let f = k - 1. Let g be (36/(-30))/(f/5). Let r(n) = -n - 4. Determine r(g).
-7
Let i(v) be the first derivative of v**6/120 + v**5/10 - 11*v**4/24 - 5*v**3/6 + 2*v**2 - 27. Let x(l) be the second derivative of i(l). Give x(-7).
23
Let v(l) = 5*l - 8. Suppose 4 = 4*z - 4. Let w(s) = s - 2. Let g(j) = z*v(j) - 9*w(j). Suppose -23*f = 162 - 47. What is g(f)?
-3
Let o(f) = -f**2 - 5*f + 4. Let x be (-3)/(6*(-1)/34). Let b = 12 - x. Give o(b).
4
Let t(o) = -o**3 + 21*o**2 + 23*o - 26. Let a(s) = s**2 - s - 50. Let h be a(9). What is t(h)?
-4
Let d(x) = -x**3 + 15*x**2 - 32*x - 40. Let c be d(12). Let h(t) = -t**3 + 9*t**2 - 6*t - 14. What is h(c)?
2
Let p = -3 - 1. Let v = p + 7. Suppose 10 = -q + v*q. Let n(d) = -d - 3. Give n(q).
-8
Let m(o) = 2*o**3 - 3*o**2 - o - 1. Let h be m(-2). Let b = 24 + h. Let z(c) = c**3 + 4*c**2 + c - 3. Give z(b).
3
Let i be (7/2)/(1/(-2)) - -3. Let s(u) = 3*u + 1 + 4 - 2. Calculate s(i).
-9
Let r(x) = 778*x - 1 + 5 + 2*x**2 - 783*x. Calculate r(3).
7
Let r(n) = n**3 + 12*n**2 + 7. Let c be r(-12). Let v(o) = -o**3 + 8*o**2 - 6*o + 4. Determine v(c).
11
Let v(y) be the first derivative of -y**4/12 + 3*y**2 + y - 4. Let u(k) be the first derivative of v(k). Let p be 44/110 - 2/5. Determine u(p).
6
Let t(s) = s**3 - 5*s**2 - s + 2. Let r(v) be the third derivative of -5*v**4/24 + 25*v**3/3 + 32*v**2. Let j be r(9). Calculate t(j).
-3
Let t(v) = -v**2 + 20*v - 1. Let r be t(10). Suppose 0 = 11*c - 22 + r. Let s(i) = 2*i + 1. Give s(c).
-13
Let q(a) be the first derivative of a**5/20 + 7*a**4/12 - a**3/3 - 7*a**2/2 - 5*a - 11. Let i(j) be the first derivative of q(j). Determine i(-7).
7
Let c(b) = -b + 5. Let z = -2 + 7. Let f = z + -9. Let m(w) = w**3 + 5*w**2 + 2*w - 3. Let x be m(f). Calculate c(x).
0
Let j(y) = 13 + 24 - 30 + 3*y - 2*y. Calculate j(6).
13
Let v(b) = b + 4. Let a = 43 - 40. Let s(f) = -f**3 + 4*f**2 - f + 2. Let g be s(a). What is v(g)?
12
Let t(q) = -2*q**2 - 14*q - 8. Suppose -2*x + 11 - 29 = 0. Calculate t(x).
-44
Let d(w) be the first derivative of w**5/20 - w**3/6 + 19*w**2/2 + 11*w - 9. Let q(n) be the first derivative of d(n). Give q(0).
19
Let b(n) = -n + 5. Let j(z) = -z - 15. Let y be j(-11). Let m(p) be the third derivative of -p**5/30 - p**4/3 - 3*p**2. Let r be m(y). Calculate b(r).
5
Let q be (-16)/(-6) + 2/6. Let o(d) be the third derivative of -d**4/24 + d**3/2 + 244*d**2. Give o(q).
0
Let p(h) = h - 5. Let g = -92 + 99. Calculate p(g).
2
Let v(o) = o**3 - o**2 + o + 60. Let d = -2910 + 2910. Calculate v(d).
60
Let d(f) be the first derivative of 4*f + 1/3*f**3 - 1 + 5/2*f**2. Give d(-4).
0
Let l be 380/25 + 24/30. Let c(u) = 0 - 10*u - l + 9*u. Calculate c(-9).
-7
Let c(t) = t**3 + 7*t**2 + 5*t - 14. Let r(v) = -2*v**3 - 15*v**2 - 11*v + 27. Let g(p) = 7*c(p) + 4*r(p). Let q = -164 - -154. Determine g(q).
0
Let u(j) be the third derivative of j**7/840 - j**6/120 - j**4/24 - 16*j**3/3 - 19*j**2. Let w(v) be the first derivative of u(v). What is w(3)?
-1
Let z = -10 + 11. Let k be (z - 7/(-1))/2. Suppose -4 = k*c + 20. Let j(s) = -s**2 - 7*s - 1. Determine j(c).
5
Let q(o) be the first derivative of o**4/4 + 5*o**3/3 + o**2/2 - 3*o + 211. Give q(-3).
12
Let c(o) = -o**3 - 18*o**2 - o + 12. Let u(h) = -2*h**3 - 37*h**2 - 2*h + 26. Let y(l) = 9*c(l) - 4*u(l). What is y(-14)?
18
Suppose 0 = j + 3*g + 12, -37 + 30 = -4*j - g. Let u(f) = -f**3 + 2*f - 1. Calculate u(j).
-22
Let y be (1 + 0)/((-2)/(-8)). Let r = y + -5. Let i(o) = 3*o**2 - o**2 + 2 - 3 - o + 0*o**2. Give i(r).
2
Let i(g) be the third derivative of g**4/24 + g**3/3 - 9*g**2 + 10. Suppose w + 8 + 3 = -2*q, 5*w = -3*q - 20. What is i(q)?
-3
Let x(t) = -6*t - 43. Let l(o) = -2. Let j(k) = 6*l(k) - x(k). Let b be j(-4). Let c(z) = z**2 - 9*z - 3. Give c(b).
-17
Suppose 40*x + 111 = 3*x. Let b(l) = l**3 + 4. Give b(x).
-23
Let n be ((-4)/14)/((-18)/378). Let l(t) = -3 - n*t - t + 4*t. Calculate l(3).
-12
Let n = -473 + 463. Let t(l) = -l**2 - 15*l - 44. What is t(n)?
6
Let r(d) = 9*d - 2. Let p(n) = -5*n + 1. Let l(u) = 5*p(u) + 3*r(u). Determine l(-4).
-9
Let q(z) = -z**2 + 15. Let t(a) be the second derivative of -a**3/6 - 5*a**2 + 13*a. Let r be t(-10). Calculate q(r).
15
Let r(o) = 3*o**2 - 3*o. Let j = 1 - -5. Suppose -2*p = -5*p + j. Give r(p).
6
Let i(t) be the third derivative of -t**6/120 - t**5/12 - t**4/6 - t**3 - 3*t**2 + t. Give i(-4).
-6
Let s be 1/((-2)/(-12)*-2). Let h(g) = -7*g - 3. Let n(y) be the third derivative of 5*y**4/8 + y**3 - 11*y**2. Let m(d) = 13*h(d) + 6*n(d). Give m(s).
0
Let m(i) = -i - 4. Let a(l) = -2*l - 13. Let b(h) = 2*a(h) - 7*m(h). Give b(-8).
-22
Let y(i) = 6*i - 48*i**2 - i**3 + 2 + 43*i**2 - 5. What is y(-6)?
-3
Let u(d) = -105 + 209 - d - 106. Give u(-3).
1
Let y = -65 - -77. Let d be (20/(-30) - (-14)/y)*-14. Let c(j) = 2*j + 10. Determine c(d).
-4
Let i = -91 - -89. Let q(n) = -n - 4. Determine q(i).
-2
Let d(q) = q**3 - 3*q**2 - 5*q + 2. Let i be d(4). Let a(u) = 2*u - 3 - 11*u + 4 + 4*u + 4*u. Determine a(i).
3
Let d(k) = k**3 - k**2 + k + 6. Let i = -22 - -25. Let y be -9 + i*(4 - 3). Let n be 0/(3/(y/4)). What is d(n)?
6
Let y(g) be the first derivative of -g**3/3 - 6*g + 1. Let q be y(0). Let v(s) = -s**2 + 37*s - 1 - 51*s + 6*s - 5. What is v(q)?
6
Let l(z) = z**2 - 7*z + 6. Let v be l(7). Suppose -q - 10 = -v*q. Let f(y) = -3 - 4*y + 0*y**3 - 2*y**q - 1 + 2 - y**3. What is f(-2)?
6
Let w(j) = -j**2 + 3*j - 3. Let z be (-18)/24 - 165/(-12). Suppose 2*m + 3*t = z, m - t = -0 